
False
Is 21059 composite?
False
Is 1402915 composite?
True
Is 2614 a prime number?
False
Is 69655 a prime number?
False
Is 22301 a composite number?
True
Is 1735 composite?
True
Is 61001 prime?
True
Is 32197 prime?
False
Is 240181 prime?
False
Is 109589 a composite number?
False
Is 583 composite?
True
Is 47941 prime?
False
Is 208541 a composite number?
True
Is 6443 prime?
False
Is 1543 composite?
False
Is 30791 a composite number?
True
Is 368639 a prime number?
False
Is 146474 a composite number?
True
Is 7409 a prime number?
False
Is 551 a composite number?
True
Is 40093 prime?
True
Is 26135 a prime number?
False
Is 330899 a prime number?
True
Is 225569 prime?
True
Is 3107 a composite number?
True
Is 50329 a prime number?
True
Is 63977 a composite number?
False
Is 15955 prime?
False
Is 4733 composite?
False
Is 92233 composite?
False
Is 39007 a composite number?
True
Is 1515671 a composite number?
False
Is 6779 a composite number?
False
Is 17905 a prime number?
False
Is 1301761 a prime number?
True
Is 2063 a composite number?
False
Is 6311 a prime number?
True
Is 89591 composite?
False
Is 1461 a composite number?
True
Is 629 a composite number?
True
Is 31847 a prime number?
True
Is 359783 a prime number?
True
Is 210187 a prime number?
True
Is 73939 a prime number?
True
Is 12571 composite?
True
Is 6991 a prime number?
True
Is 28705 a composite number?
True
Is 379751 a prime number?
True
Is 17617 a composite number?
True
Is 431 composite?
False
Is 47933 prime?
True
Is 1939 prime?
False
Is 521 composite?
False
Is 44521 a composite number?
True
Is 108802 a prime number?
False
Is 38389 a composite number?
True
Is 2039221 composite?
False
Is 39307 composite?
True
Is 817451 a prime number?
False
Is 28643 a prime number?
True
Is 573623 a composite number?
True
Is 54129 composite?
True
Is 4873 a composite number?
True
Is 122741 composite?
False
Is 87 a prime number?
False
Is 8039 prime?
True
Is 9037 a composite number?
True
Is 54719 a composite number?
True
Is 146597 composite?
True
Is 8689 a prime number?
True
Is 264685 a composite number?
True
Is 57118 prime?
False
Is 2258 a composite number?
True
Is 11182 a composite number?
True
Is 727157 a composite number?
False
Is 715613 prime?
True
Is 223423 composite?
False
Is 210437 a prime number?
True
Is 1594027 a prime number?
True
Is 3063 a prime number?
False
Is 15845 a prime number?
False
Is 867991 prime?
True
Is 163133 composite?
True
Is 6359 composite?
False
Is 108581 composite?
True
Is 508451 prime?
True
Is 69761 a prime number?
True
Is 28453 a prime number?
False
Is 3143 prime?
False
Is 1655 composite?
True
Is 75947 prime?
False
Is 101911 a prime number?
False
Is 371831 a prime number?
True
Is 246201 a prime number?
False
Is 6483 composite?
True
Is 719333 composite?
False
Is 19811 a composite number?
True
Is 6511 composite?
True
Is 105667 prime?
True
Is 3782773 composite?
False
Is 57254 a composite number?
True
Is 27831 composite?
True
Is 4963 composite?
True
Is 409 a prime number?
True
Is 422945 composite?
True
Is 82807 composite?
True
Is 54357 a composite number?
True
Is 10847 composite?
False
Is 1537 a composite number?
True
Is 4153 a composite number?
False
Is 7712105 prime?
False
Is 8047 a composite number?
True
Is 112933 a composite number?
True
Is 19103 a prime number?
False
Is 384613 a prime number?
False
Is 3957 composite?
True
Is 3409 prime?
False
Is 12323 composite?
False
Is 7541 a composite number?
False
Is 37139 composite?
False
Is 6659 a prime number?
True
Is 37409 prime?
True
Is 97421 composite?
True
Is 41281 a prime number?
True
Is 31799 composite?
False
Is 1454041 composite?
False
Is 11851 prime?
False
Is 171293 prime?
True
Is 939823 a prime number?
True
Is 778282 a composite number?
True
Is 66347 composite?
False
Is 7603 prime?
True
Is 886117 a composite number?
False
Is 64751 a prime number?
False
Is 169483 prime?
True
Is 9967 a prime number?
True
Is 685247 a prime number?
True
Is 26921 prime?
True
Is 18881 a prime number?
False
Is 45755 a composite number?
True
Is 48001 a composite number?
True
Is 11801 a prime number?
True
Is 65497 a prime number?
True
Is 696659 a prime number?
True
Is 438203 a composite number?
False
Is 8399 composite?
True
Is 99191 prime?
True
Is 4429 prime?
False
Is 8329 composite?
False
Is 176763 a composite number?
True
Is 346333 composite?
True
Is 230829 a composite number?
True
Is 260483 a composite number?
False
Is 1299 composite?
True
Is 29353 composite?
True
Is 2459 prime?
True
Is 13241 composite?
False
Is 1027 a composite number?
True
Is 3163 a prime number?
True
Is 299221 a composite number?
True
Is 190273 a composite number?
True
Is 26627 a prime number?
True
Is 179801 a prime number?
True
Is 25969 prime?
True
Is 1481 a composite number?
False
Is 99901 a prime number?
True
Is 295189 a composite number?
True
Is 31627 a prime number?
True
Is 9533 composite?
False
Is 14635 composite?
True
Is 396293 prime?
True
Is 2939 a composite number?
False
Is 14387 composite?
False
Is 37243 a prime number?
True
Is 548059 composite?
False
Is 210097 prime?
True
Is 473163 prime?
False
Is 5261 a composite number?
False
Is 165629 a prime number?
False
Is 9505 composite?
True
Is 42371 a prime number?
False
Is 1589 prime?
False
Is 1563827 a composite number?
True
Is 12149 a composite number?
False
Is 231241 a prime number?
True
Is 306991 composite?
False
Is 1069 composite?
False
Is 21727 a composite number?
False
Is 2818 prime?
False
Is 31721 composite?
False
Is 33637 a prime number?
True
Is 783931 prime?
True
Is 55597 a composite number?
True
Is 50041 a prime number?
False
Is 27509 prime?
True
Is 26449 a composite number?
False
Is 23755 prime?
False
Is 6491 a prime number?
True
Is 476237 a composite number?
False
Is 122239 a prime number?
False
Is 25067 a prime number?
False
Is 1375541 a composite number?
True
Is 260605 composite?
True
Is 5567 a composite number?
True
Is 23149 a composite number?
True
Is 18545 composite?
True
Is 7669 composite?
False
Is 98063 a prime number?
False
Is 60011 a composite number?
True
Is 37253 composite?
False
Is 77069 composite?
False
Is 459749 a prime number?
True
Is 472963 a composite number?
False
Is 243889 prime?
True
Is 4729 a prime number?
True
Is 272687 prime?
False
Is 1003087 prime?
True
Is 6731 a composite number?
True
Is 125611 a prime number?
False
Is 29617 composite?
True
Is 65257 a composite number?
False
Is 587149 a prime number?
True
Is 2921 composite?
True
Is 35051 a composite number?
False
Is 12601 composite?
False
Is 13997 a composite number?
False
Is 23721 a prime number?
False
Is 3491 prime?
True
Is 73181 composite?
False
Is 73742 composite?
True
Is 6982 prime?
False
Is 130943 a composite number?
True
Is 42691 a prime number?
False
Is 407 a composite number?
True
Is 106679 a prime number?
False
Is 337997 composite?
True
Is 254611 a prime number?
False
Is 387071 a prime number?
True
Is 3163 a prime number?
True
Is 14695 a composite number?
True
Is 298523 composite?
True
Is 28271 a composite number?
True
Is 4385 composite?
True
Is 1008741 prime?
False
Is 256937 prime?
False
Is 8782 composite?
True
Is 274301 a composite number?
False
Is 3697 composite?
False
Is 37951 a composite number?
False
Is 877273 a composite number?
True
Is 49682 a composite number?
True
Is 18899 a composite number?
False
Is 391031 a prime number?
True
Is 4703 prime?
True
Is 122327 a composite number?
False
Is 244859 composite?
False
Is 85229 composite?
False
Is 2152435 a prime number?
False
Is 13457 a composite number?
False
Is 15439 prime?
True
Is 281989 composite?
False
Is 17617 prime?
False
Is 22901 prime?
True
Is 99701 a composite number?
True
Is 9221 prime?
True
Is 403951 composite?
False
Is 33133 a composite number?
True
Is 669839 a prime number?
True
Is 63797 composite?
True
Is 492757 a prime number?
True
Is 1445303 a composite number?
False
Is 5333 a composite number?
False
Is 38803 a prime number?
True
Is 6805 prime?
False
Is 120097 prime?
True
Is 73343 prime?
False
Is 52859 a composite number?
False
Is 5167 a prime number?
True
Is 25439 a prime number?
True
Is 54521 composite?
False
Is 63943 a prime number?
False
Is 42631 composite?
True
Is 14 composite?
True
Is 27299 composite?
False
Is 91507 composite?
True
Is 96377 a prime number?
T